 12262 a prime number?
False
Is 102643 composite?
False
Is 7283 a composite number?
False
Is 446111 prime?
True
Is 41467 prime?
True
Is 1288769 a prime number?
True
Is 438199 a composite number?
True
Is 410809 a composite number?
True
Is 157 a composite number?
False
Is 929963 composite?
False
Is 4281 a prime number?
False
Is 11549 a composite number?
False
Is 10037 a prime number?
True
Is 88493 a composite number?
False
Is 261185 composite?
True
Is 31971 composite?
True
Is 2099 composite?
False
Is 18899 prime?
True
Is 587 a composite number?
False
Is 693257 a composite number?
False
Is 31177 prime?
True
Is 12883 a prime number?
False
Is 93629 composite?
False
Is 65761 composite?
False
Is 361379 prime?
False
Is 5147 prime?
True
Is 10046 composite?
True
Is 216947 a prime number?
True
Is 600773 a composite number?
True
Is 14695 prime?
False
Is 13121 prime?
True
Is 176179 composite?
False
Is 919 prime?
True
Is 46021 a prime number?
True
Is 12097 composite?
False
Is 237733 a prime number?
True
Is 673 prime?
True
Is 128099 a prime number?
True
Is 95005 a composite number?
True
Is 40879 a composite number?
False
Is 836609 prime?
True
Is 1843 prime?
False
Is 22733 prime?
False
Is 15049 a prime number?
False
Is 399099 a composite number?
True
Is 25 prime?
False
Is 656221 a composite number?
False
Is 19811 a composite number?
True
Is 72379 a prime number?
True
Is 18931 composite?
True
Is 663031 composite?
False
Is 607447 a composite number?
True
Is 19315 a composite number?
True
Is 102643 prime?
True
Is 9019 a composite number?
True
Is 185429 prime?
True
Is 214433 composite?
False
Is 135371 prime?
False
Is 70079 a composite number?
False
Is 37463 prime?
True
Is 124519 composite?
True
Is 2459 prime?
True
Is 422 prime?
False
Is 41467 prime?
True
Is 6226993 prime?
True
Is 303179 prime?
False
Is 9382 prime?
False
Is 995147 prime?
True
Is 143053 prime?
True
Is 14689 a composite number?
True
Is 98663 prime?
True
Is 298 prime?
False
Is 313057 prime?
False
Is 7393 a composite number?
False
Is 622397 prime?
True
Is 2333 composite?
False
Is 7639 a prime number?
True
Is 147122 a prime number?
False
Is 2927 prime?
True
Is 98729 a prime number?
True
Is 19945 prime?
False
Is 1011191 a composite number?
False
Is 4271 a composite number?
False
Is 12671 composite?
False
Is 30601 composite?
True
Is 1223603 composite?
False
Is 273929 prime?
True
Is 27767 a composite number?
False
Is 717319 prime?
False
Is 5767 a composite number?
True
Is 49909 a composite number?
True
Is 588347 composite?
False
Is 2247269 prime?
False
Is 187337 a prime number?
True
Is 73819 a prime number?
True
Is 24835 a composite number?
True
Is 550513 prime?
True
Is 164503 a prime number?
True
Is 5671 prime?
False
Is 134807 composite?
False
Is 19913 a prime number?
True
Is 21239 composite?
True
Is 36293 a prime number?
True
Is 73547 a prime number?
True
Is 134167 prime?
False
Is 14585 a prime number?
False
Is 499697 a prime number?
False
Is 20161 prime?
True
Is 7741 a composite number?
False
Is 855851 a prime number?
True
Is 325823 a composite number?
True
Is 2833 composite?
False
Is 137311 a composite number?
True
Is 21269 prime?
True
Is 2434 a prime number?
False
Is 4373 composite?
False
Is 5186 a prime number?
False
Is 1119245 a prime number?
False
Is 32245 a prime number?
False
Is 334021 prime?
True
Is 13163 composite?
False
Is 1471901 prime?
False
Is 206993 a prime number?
True
Is 30365 a prime number?
False
Is 4981 a composite number?
True
Is 5539 a prime number?
False
Is 667933 a composite number?
True
Is 220141 a prime number?
True
Is 39329 a composite number?
True
Is 2227 composite?
True
Is 378965 composite?
True
Is 16439 prime?
False
Is 1949809 a composite number?
False
Is 1843721 a composite number?
True
Is 68741 composite?
True
Is 967301 a composite number?
True
Is 6457 a prime number?
False
Is 16183 composite?
False
Is 207889 a prime number?
False
Is 41771 a prime number?
True
Is 248027 composite?
True
Is 2009957 prime?
True
Is 614 a prime number?
False
Is 124577 prime?
True
Is 7994289 prime?
False
Is 2569 a prime number?
False
Is 258149 a prime number?
False
Is 14867 a prime number?
True
Is 61763 a prime number?
False
Is 11035 prime?
False
Is 5623 a composite number?
False
Is 2978837 a composite number?
True
Is 683299 a prime number?
True
Is 5167 a composite number?
False
Is 7039 a prime number?
True
Is 38501 prime?
True
Is 309874 composite?
True
Is 1219409 a prime number?
False
Is 913217 prime?
True
Is 222106 composite?
True
Is 55849 a composite number?
False
Is 38149 prime?
True
Is 60209 a prime number?
True
Is 8563 a composite number?
False
Is 156685 a composite number?
True
Is 28513 a composite number?
False
Is 811087 composite?
True
Is 44705 a prime number?
False
Is 65315 composite?
True
Is 111187 a composite number?
False
Is 761947 a composite number?
True
Is 156007 a prime number?
True
Is 1333253 a composite number?
False
Is 22559 a composite number?
True
Is 19157 a prime number?
True
Is 146891 a prime number?
True
Is 13873 composite?
False
Is 197941 a composite number?
True
Is 21467 composite?
False
Is 28277 a prime number?
True
Is 1533867 composite?
True
Is 29357 composite?
True
Is 1154059 a composite number?
True
Is 1171 a composite number?
False
Is 75373 a prime number?
False
Is 704507 a prime number?
True
Is 1083743 composite?
False
Is 147759 prime?
False
Is 55429 a composite number?
True
Is 59921 prime?
True
Is 10709 prime?
True
Is 138283 prime?
True
Is 14353 a prime number?
False
Is 596021 a composite number?
False
Is 201049 a composite number?
False
Is 1617542 prime?
False
Is 98963 a prime number?
True
Is 2478211 composite?
False
Is 186593 composite?
True
Is 659453 a composite number?
False
Is 49587 a prime number?
False
Is 308486 prime?
False
Is 5039 a composite number?
False
Is 36149 composite?
True
Is 20911 a prime number?
False
Is 260329 prime?
True
Is 442961 composite?
False
Is 1483 composite?
False
Is 20609 a composite number?
True
Is 17713 prime?
True
Is 9001 composite?
False
Is 10651 prime?
True
Is 3985 a prime number?
False
Is 2089211 prime?
True
Is 162923 prime?
False
Is 458399 a prime number?
True
Is 1358029 prime?
True
Is 16603 a composite number?
False
Is 7176047 composite?
False
Is 47714 a prime number?
False
Is 38191 prime?
False
Is 2085427 a composite number?
True
Is 435907 composite?
False
Is 150853 a composite number?
True
Is 2007339 composite?
True
Is 287285 prime?
False
Is 5063 composite?
True
Is 9703 prime?
False
Is 1184089 a composite number?
True
Is 174599 prime?
True
Is 39413 composite?
True
Is 52859 a composite number?
False
Is 12251 a prime number?
True
Is 19181 composite?
False
Is 82199 composite?
True
Is 52807 composite?
False
Is 5779 a prime number?
True
Is 121181 composite?
False
Is 60353 a prime number?
True
Is 670411 prime?
False
Is 90347 a composite number?
True
Is 105449 prime?
True
Is 52379 composite?
False
Is 97787 a prime number?
True
Is 1441546 composite?
True
Is 179713 composite?
True
Is 15869 prime?
False
Is 24143 composite?
True
Is 99607 prime?
True
Is 607471 prime?
True
Is 7401 prime?
False
Is 10555 composite?
True
Is 417607 a prime number?
False
Is 625343 prime?
True
Is 80897 composite?
False
Is 8123 a composite number?
False
Is 1381609 a composite number?
False
Is 120401 composite?
False
Is 342347 a composite number?
False
Is 374977 prime?
True
Is 18937 a prime number?
False
Is 61613 composite?
False
Is 889 composite?
True
Is 25867 composite?
False
Is 79161 composite?
True
Is 44141 a prime number?
False
Is 35897 a prime number?
True
Is 291077 a prime number?
True
Is 4987 composite?
False
Is 964099 a composite number?
True
Is 1055246 a prime number?
False
Is 1970257 a prime number?
True
Is 2787 a prime number?
False
Is 353551 composite?
True
Is 27637 composite?
True
Is 7417 composite?
False
Is 30026 composite?
True
Is 22177 prime?
False
Is 5077 prime?
True
Is 34229 composite?
True
Is 6463 a prime number?
False
Is 96041 a composite number?
True
Is 4385 composite?
True
Is 99437 composite?
True
Is 65597 a prime number?
False
Is 74549 prime?
False
Is 1511 a prime number?
True
Is 23007 a composite number?
True
Is 102241 composite?
False
Is 669 prime?
False
Is 14969 a composite number?
False
Is 6833 a composite number?
False
Is 596